{"id":845,"date":"2020-10-08T09:57:32","date_gmt":"2020-10-08T07:57:32","guid":{"rendered":"http:\/\/agfluechtlingshilfe.org\/?page_id=845"},"modified":"2022-03-25T21:34:12","modified_gmt":"2022-03-25T20:34:12","slug":"unsere-bisherigen-projekte","status":"publish","type":"page","link":"https:\/\/agfluechtlingshilfe.org\/?page_id=845","title":{"rendered":"Bisherige Projekte:"},"content":{"rendered":"\n<p>Diese Projekte sind bis auf Weiteres abgeschlossen bzw. pausieren:<\/p>\n\n\n\n<ul class=\"wp-block-list\"><li><a href=\"http:\/\/agfluechtlingshilfe.org\/?page_id=68\">Das Sprachtraining mit Kinderbetreuung<\/a><\/li><li><a href=\"http:\/\/agfluechtlingshilfe.org\/?page_id=60\">Was tun?! Beratung &#8211; Unterst\u00fctzung &#8211; Kontaktvermittlung<\/a><\/li><li><a href=\"https:\/\/agfluechtlingshilfe.org\/?page_id=880\">Topfreisen<\/a><\/li><\/ul>\n\n\n\n<p><\/p>\n","protected":false},"excerpt":{"rendered":"<p>Diese Projekte sind bis auf Weiteres abgeschlossen bzw. pausieren: Das Sprachtraining mit Kinderbetreuung Was tun?! Beratung &#8211; Unterst\u00fctzung &#8211; Kontaktvermittlung Topfreisen<\/p>\n","protected":false},"author":1,"featured_media":0,"parent":0,"menu_order":0,"comment_status":"closed","ping_status":"closed","template":"","meta":{"footnotes":""},"class_list":["post-845","page","type-page","status-publish","hentry"],"jetpack_sharing_enabled":true,"jetpack_shortlink":"https:\/\/wp.me\/P8ejgX-dD","jetpack-related-posts":[{"id":20,"url":"https:\/\/agfluechtlingshilfe.org\/?page_id=20","url_meta":{"origin":845,"position":0},"title":"Unsere Projekte","author":"agfluechtlingshilfehst","date":"20. Dezember 2016","format":false,"excerpt":"Unsere Projekte sind grunds\u00e4tzlich darauf angelegt, langfristig und zuverl\u00e4ssig zu laufen. Sie sind offen f\u00fcr Jedermann und Jederfrau die sich engagieren wollen. Aus organisatorischen Gr\u00fcnden und um Entt\u00e4uschung zu vermeiden ist es sinnvoll, sich beim ersten Mal vorab mit uns \u00fcber EMail in Verbindung zu setzen. Hier findet Ihr weitere\u2026","rel":"","context":"\u00c4hnlicher Beitrag","block_context":{"text":"\u00c4hnlicher Beitrag","link":""},"img":{"alt_text":"","src":"https:\/\/i0.wp.com\/agfluechtlingshilfe.org\/wp-content\/uploads\/2016\/12\/knotenreling-e1483643075229.jpg?resize=350%2C200","width":350,"height":200,"srcset":"https:\/\/i0.wp.com\/agfluechtlingshilfe.org\/wp-content\/uploads\/2016\/12\/knotenreling-e1483643075229.jpg?resize=350%2C200 1x, https:\/\/i0.wp.com\/agfluechtlingshilfe.org\/wp-content\/uploads\/2016\/12\/knotenreling-e1483643075229.jpg?resize=525%2C300 1.5x"},"classes":[]},{"id":1307,"url":"https:\/\/agfluechtlingshilfe.org\/?page_id=1307","url_meta":{"origin":845,"position":1},"title":"Begegnungscaf\u00e9","author":"agfluechtlingshilfehst","date":"28. August 2022","format":false,"excerpt":"Das Begegnungscaf\u00e9 pausiert! Aktuell scheint der Bedarf f\u00fcr ein Begegnungscaf\u00e9 nicht zu bestehen. Da alle unsere Projekte bedarfsorientiert ausgerichtet sind, geh\u00f6rt es f\u00fcr uns immer auch dazu, ggf. einzelne Angebote dauerhaft oder vor\u00fcbergehend einzustellen. Wer das Team des Begegnungscaf\u00e9s auch w\u00e4hrend dieser Pausenphase erreichen m\u00f6chte, kann dies unter info@agfluechtlingshilfe.org tun.","rel":"","context":"\u00c4hnlicher Beitrag","block_context":{"text":"\u00c4hnlicher Beitrag","link":""},"img":{"alt_text":"","src":"https:\/\/i0.wp.com\/agfluechtlingshilfe.org\/wp-content\/uploads\/2022\/04\/IMG-20220425-WA0001.jpg?resize=350%2C200&ssl=1","width":350,"height":200,"srcset":"https:\/\/i0.wp.com\/agfluechtlingshilfe.org\/wp-content\/uploads\/2022\/04\/IMG-20220425-WA0001.jpg?resize=350%2C200&ssl=1 1x, https:\/\/i0.wp.com\/agfluechtlingshilfe.org\/wp-content\/uploads\/2022\/04\/IMG-20220425-WA0001.jpg?resize=525%2C300&ssl=1 1.5x, https:\/\/i0.wp.com\/agfluechtlingshilfe.org\/wp-content\/uploads\/2022\/04\/IMG-20220425-WA0001.jpg?resize=700%2C400&ssl=1 2x"},"classes":[]},{"id":610,"url":"https:\/\/agfluechtlingshilfe.org\/?page_id=610","url_meta":{"origin":845,"position":2},"title":"Kinderbetreuung in der Gemeinschaftsunterkunft auf dem D\u00e4nholm","author":"agfluechtlingshilfehst","date":"3. M\u00e4rz 2018","format":false,"excerpt":"Sport, Spiele und Spa\u00df! Das und viele Gruppenspiele, unter anderem Fu\u00dfball wollen wir m\u00f6glichst jeden Donnerstag auf dem D\u00e4nholm f\u00fcr alle Kinder der beiden Gemeinschaftsunterk\u00fcnfte anbieten. Witterungsbedingt passen wir unser Angebot den Gegebenheiten an. Interessierte Helfer sind aber immer sehr willkommen und k\u00f6nnen sich gerne unter info@agfluechtlingshilfe.org bei uns melden.","rel":"","context":"\u00c4hnlicher Beitrag","block_context":{"text":"\u00c4hnlicher Beitrag","link":""},"img":{"alt_text":"","src":"https:\/\/i0.wp.com\/agfluechtlingshilfe.org\/wp-content\/uploads\/2018\/03\/23668900_1954843744834905_8662036537170567425_o.jpeg?fit=642%2C661&ssl=1&resize=350%2C200","width":350,"height":200,"srcset":"https:\/\/i0.wp.com\/agfluechtlingshilfe.org\/wp-content\/uploads\/2018\/03\/23668900_1954843744834905_8662036537170567425_o.jpeg?fit=642%2C661&ssl=1&resize=350%2C200 1x, https:\/\/i0.wp.com\/agfluechtlingshilfe.org\/wp-content\/uploads\/2018\/03\/23668900_1954843744834905_8662036537170567425_o.jpeg?fit=642%2C661&ssl=1&resize=525%2C300 1.5x"},"classes":[]},{"id":54,"url":"https:\/\/agfluechtlingshilfe.org\/?page_id=54","url_meta":{"origin":845,"position":3},"title":"\u00dcber uns","author":"agfluechtlingshilfehst","date":"20. Dezember 2016","format":false,"excerpt":"Aus einer Initiative des Vereins \"Rock gegen Rechts Stralsund\" im Februar 2015, entwickelten sich die ersten Projekte einer Gruppe, die sich den pragmatischen Namen AG Fl\u00fcchtlingshilfe gab. Mit der Gr\u00fcndung des Vereins am 24.10.2016 wurde der Grundstein gelegt f\u00fcr eine enge Zusammenarbeit mit sozial- und kommunalpolitischen Netzwerken, um \u00fcber 100\u2026","rel":"","context":"\u00c4hnlicher Beitrag","block_context":{"text":"\u00c4hnlicher Beitrag","link":""},"img":{"alt_text":"","src":"https:\/\/i0.wp.com\/agfluechtlingshilfe.org\/wp-content\/uploads\/2016\/12\/cropped-agfluechtlingshilfeLOGO.jpg?fit=248%2C248&ssl=1&resize=350%2C200","width":350,"height":200},"classes":[]},{"id":113,"url":"https:\/\/agfluechtlingshilfe.org\/?page_id=113","url_meta":{"origin":845,"position":4},"title":"Sporttreff","author":"agfluechtlingshilfehst","date":"22. Dezember 2016","format":false,"excerpt":"Wem das Begegnungscaf\u00e9 zu wenig sportlich ist, f\u00fcr den bieten wir jeden Freitag ab 18.30 Uhr mit unserem \"Sporttreff\" eine entsprechende Alternative an. Alle die sich bei Sport oder Spiel kennenlernen und bewegen wollen sind herzlich willkommen. Sport ist mit Abstand die einfachste und unterhaltsamste Art, mit Menschen in Kontakt\u2026","rel":"","context":"\u00c4hnlicher Beitrag","block_context":{"text":"\u00c4hnlicher Beitrag","link":""},"img":{"alt_text":"","src":"https:\/\/i0.wp.com\/agfluechtlingshilfe.org\/wp-content\/uploads\/2016\/12\/Sport2.jpg?resize=350%2C200","width":350,"height":200,"srcset":"https:\/\/i0.wp.com\/agfluechtlingshilfe.org\/wp-content\/uploads\/2016\/12\/Sport2.jpg?resize=350%2C200 1x, https:\/\/i0.wp.com\/agfluechtlingshilfe.org\/wp-content\/uploads\/2016\/12\/Sport2.jpg?resize=525%2C300 1.5x"},"classes":[]},{"id":659,"url":"https:\/\/agfluechtlingshilfe.org\/?page_id=659","url_meta":{"origin":845,"position":5},"title":"Was tun?! Beratung &#8211; Unterst\u00fctzung &#8211; Kontaktvermittlung","author":"agfluechtlingshilfehst","date":"4. Mai 2018","format":false,"excerpt":"\u00a0\u00a0\u00a0\u00a0\u00a0\u00a0\u00a0 Im Mai 2018 startete unser j\u00fcngstes Projekt: \"Was tun?!\" eine Anlaufstelle f\u00fcr Beratung, Unterst\u00fctzung und die Vermittlung hilfreicher Kontakte in allen Alltagsfragen. Man fand sie nicht nur r\u00e4umlich sondern auch im Sinne einer konstruktiven und erg\u00e4nzenden Kooperation unter dem Dach des Kreisdiakonischen Werks (KdW) im Gro\u00dfen Diebsteig 3, Maritimes\u2026","rel":"","context":"\u00c4hnlicher Beitrag","block_context":{"text":"\u00c4hnlicher Beitrag","link":""},"img":{"alt_text":"","src":"https:\/\/i0.wp.com\/agfluechtlingshilfe.org\/wp-content\/uploads\/2018\/05\/IMG_20180502_204047-1-255x300.jpg?resize=350%2C200","width":350,"height":200},"classes":[]}],"jetpack_likes_enabled":true,"_links":{"self":[{"href":"https:\/\/agfluechtlingshilfe.org\/index.php?rest_route=\/wp\/v2\/pages\/845","targetHints":{"allow":["GET"]}}],"collection":[{"href":"https:\/\/agfluechtlingshilfe.org\/index.php?rest_route=\/wp\/v2\/pages"}],"about":[{"href":"https:\/\/agfluechtlingshilfe.org\/index.php?rest_route=\/wp\/v2\/types\/page"}],"author":[{"embeddable":true,"href":"https:\/\/agfluechtlingshilfe.org\/index.php?rest_route=\/wp\/v2\/users\/1"}],"replies":[{"embeddable":true,"href":"https:\/\/agfluechtlingshilfe.org\/index.php?rest_route=%2Fwp%2Fv2%2Fcomments&post=845"}],"version-history":[{"count":6,"href":"https:\/\/agfluechtlingshilfe.org\/index.php?rest_route=\/wp\/v2\/pages\/845\/revisions"}],"predecessor-version":[{"id":1184,"href":"https:\/\/agfluechtlingshilfe.org\/index.php?rest_route=\/wp\/v2\/pages\/845\/revisions\/1184"}],"wp:attachment":[{"href":"https:\/\/agfluechtlingshilfe.org\/index.php?rest_route=%2Fwp%2Fv2%2Fmedia&parent=845"}],"curies":[{"name":"wp","href":"https:\/\/api.w.org\/{rel}","templated":true}]}}

<p>Diese Projekte sind bis auf Weiteres abgeschlossen bzw. pausieren:</p>



<ul class="wp-block-list"><li><a href="http://agfluechtlingshilfe.org/?page_id=68">Das Sprachtraining mit Kinderbetreuung</a></li><li><a href="http://agfluechtlingshilfe.org/?page_id=60">Was tun?! Beratung &#8211; Unterstützung &#8211; Kontaktvermittlung</a></li><li><a href="https://agfluechtlingshilfe.org/?page_id=880">Topfreisen</a></li></ul>



<p></p>

<p>Diese Projekte sind bis auf Weiteres abgeschlossen bzw. pausieren: Das Sprachtraining mit Kinderbetreuung Was tun?! Beratung &#8211; Unterstützung &#8211; Kontaktvermittlung Topfreisen</p>

Unsere Projekte sind grundsätzlich darauf angelegt, langfristig und zuverlässig zu laufen. Sie sind offen für Jedermann und Jederfrau die sich engagieren wollen. Aus organisatorischen Gründen und um Enttäuschung zu vermeiden ist es sinnvoll, sich beim ersten Mal vorab mit uns über EMail in Verbindung zu setzen. Hier findet Ihr weitere…

Ähnlicher Beitrag

Begegnungscafé

Das Begegnungscafé pausiert! Aktuell scheint der Bedarf für ein Begegnungscafé nicht zu bestehen. Da alle unsere Projekte bedarfsorientiert ausgerichtet sind, gehört es für uns immer auch dazu, ggf. einzelne Angebote dauerhaft oder vorübergehend einzustellen. Wer das Team des Begegnungscafés auch während dieser Pausenphase erreichen möchte, kann dies unter info@agfluechtlingshilfe.org tun.

Kinderbetreuung in der Gemeinschaftsunterkunft auf dem Dänholm

3. März 2018

Sport, Spiele und Spaß! Das und viele Gruppenspiele, unter anderem Fußball wollen wir möglichst jeden Donnerstag auf dem Dänholm für alle Kinder der beiden Gemeinschaftsunterkünfte anbieten. Witterungsbedingt passen wir unser Angebot den Gegebenheiten an. Interessierte Helfer sind aber immer sehr willkommen und können sich gerne unter info@agfluechtlingshilfe.org bei uns melden.

Über uns

Aus einer Initiative des Vereins "Rock gegen Rechts Stralsund" im Februar 2015, entwickelten sich die ersten Projekte einer Gruppe, die sich den pragmatischen Namen AG Flüchtlingshilfe gab. Mit der Gründung des Vereins am 24.10.2016 wurde der Grundstein gelegt für eine enge Zusammenarbeit mit sozial- und kommunalpolitischen Netzwerken, um über 100…

Wem das Begegnungscafé zu wenig sportlich ist, für den bieten wir jeden Freitag ab 18.30 Uhr mit unserem "Sporttreff" eine entsprechende Alternative an. Alle die sich bei Sport oder Spiel kennenlernen und bewegen wollen sind herzlich willkommen. Sport ist mit Abstand die einfachste und unterhaltsamste Art, mit Menschen in Kontakt…

Was tun?! Beratung &#8211; Unterstützung &#8211; Kontaktvermittlung

Im Mai 2018 startete unser jüngstes Projekt: "Was tun?!" eine Anlaufstelle für Beratung, Unterstützung und die Vermittlung hilfreicher Kontakte in allen Alltagsfragen. Man fand sie nicht nur räumlich sondern auch im Sinne einer konstruktiven und ergänzenden Kooperation unter dem Dach des Kreisdiakonischen Werks (KdW) im Großen Diebsteig 3, Maritimes…
