{"id":68,"date":"2016-12-20T23:31:49","date_gmt":"2016-12-20T22:31:49","guid":{"rendered":"http:\/\/agfluechtlingshilfe.org\/?page_id=68"},"modified":"2020-10-08T09:03:49","modified_gmt":"2020-10-08T07:03:49","slug":"sprachkurs","status":"publish","type":"page","link":"https:\/\/agfluechtlingshilfe.org\/?page_id=68","title":{"rendered":"Sprachtraining mit Kinderbetreuung"},"content":{"rendered":"<figure id=\"attachment_207\" aria-describedby=\"caption-attachment-207\" style=\"width: 2048px\" class=\"wp-caption alignnone\"><img loading=\"lazy\" decoding=\"async\" data-attachment-id=\"207\" data-permalink=\"https:\/\/agfluechtlingshilfe.org\/?attachment_id=207\" data-orig-file=\"https:\/\/i0.wp.com\/agfluechtlingshilfe.org\/wp-content\/uploads\/2016\/12\/15110320_813236405483949_2370122992487011028_o.jpg?fit=2048%2C1536&amp;ssl=1\" data-orig-size=\"2048,1536\" data-comments-opened=\"1\" data-image-meta=\"{&quot;aperture&quot;:&quot;0&quot;,&quot;credit&quot;:&quot;&quot;,&quot;camera&quot;:&quot;&quot;,&quot;caption&quot;:&quot;&quot;,&quot;created_timestamp&quot;:&quot;0&quot;,&quot;copyright&quot;:&quot;&quot;,&quot;focal_length&quot;:&quot;0&quot;,&quot;iso&quot;:&quot;0&quot;,&quot;shutter_speed&quot;:&quot;0&quot;,&quot;title&quot;:&quot;&quot;,&quot;orientation&quot;:&quot;0&quot;}\" data-image-title=\"15110320_813236405483949_2370122992487011028_o\" data-image-description=\"\" data-image-caption=\"&lt;p&gt;Photo: Wael Kennawi&lt;\/p&gt;\n\" data-medium-file=\"https:\/\/i0.wp.com\/agfluechtlingshilfe.org\/wp-content\/uploads\/2016\/12\/15110320_813236405483949_2370122992487011028_o.jpg?fit=300%2C225&amp;ssl=1\" data-large-file=\"https:\/\/i0.wp.com\/agfluechtlingshilfe.org\/wp-content\/uploads\/2016\/12\/15110320_813236405483949_2370122992487011028_o.jpg?fit=660%2C495&amp;ssl=1\" class=\"wp-image-207 size-full\" src=\"https:\/\/i0.wp.com\/agfluechtlingshilfe.org\/wp-content\/uploads\/2016\/12\/15110320_813236405483949_2370122992487011028_o.jpg?resize=660%2C495\" width=\"660\" height=\"495\" srcset=\"https:\/\/i0.wp.com\/agfluechtlingshilfe.org\/wp-content\/uploads\/2016\/12\/15110320_813236405483949_2370122992487011028_o.jpg?w=2048&amp;ssl=1 2048w, https:\/\/i0.wp.com\/agfluechtlingshilfe.org\/wp-content\/uploads\/2016\/12\/15110320_813236405483949_2370122992487011028_o.jpg?resize=300%2C225&amp;ssl=1 300w, https:\/\/i0.wp.com\/agfluechtlingshilfe.org\/wp-content\/uploads\/2016\/12\/15110320_813236405483949_2370122992487011028_o.jpg?resize=768%2C576&amp;ssl=1 768w, https:\/\/i0.wp.com\/agfluechtlingshilfe.org\/wp-content\/uploads\/2016\/12\/15110320_813236405483949_2370122992487011028_o.jpg?resize=1024%2C768&amp;ssl=1 1024w, https:\/\/i0.wp.com\/agfluechtlingshilfe.org\/wp-content\/uploads\/2016\/12\/15110320_813236405483949_2370122992487011028_o.jpg?w=1320 1320w, https:\/\/i0.wp.com\/agfluechtlingshilfe.org\/wp-content\/uploads\/2016\/12\/15110320_813236405483949_2370122992487011028_o.jpg?w=1980 1980w\" sizes=\"auto, (max-width: 660px) 100vw, 660px\" data-recalc-dims=\"1\" \/><figcaption id=\"caption-attachment-207\" class=\"wp-caption-text\">Photo: Wael Kennawi<\/figcaption><\/figure>\n<p><span style=\"color: #ff9900;\"><strong>&gt;&gt; aufgrund der Pandemie-Bedingungen konnte es noch nicht wieder zu einem Neustart des Sprachkurses kommen &#8211; sobald es hierzu Neuigkeiten gibt,\u00a0 informieren wir dar\u00fcber an dieser Stelle \ud83d\ude42<\/strong><\/span><\/p>\n<p>Unser Sprachkurs, den wir drei Jahre lang in der Gemeinschaftsunterkunft auf dem D\u00e4nholm durchgef\u00fchrt haben, hatte sich im Sommer 2018 den ver\u00e4nderten Bedarfen und der zunehmend dezentralen Wohnsituation vieler Teilnehmer\u00a0 angepasst und fand versuchsweise als Sprachtrainings-Angebot regelm\u00e4\u00dfig montags um 18 Uhr in der Caritasse statt. Das besondere Angebot blieb auch hier bestehen, n\u00e4mlich die zeitgleiche Kinderbetreuung vor Ort, so dass auch Familien und besonders die M\u00fctter die Gelegenheit zum Sprachtraining nutzen konnten.<\/p>\n<div class=\"clear\">Bis auf Weiteres k\u00f6nnen wir dieses Angebot unter den geltenden Pandemie-Bedingungen nicht fortsetzen. Siehe <strong><span style=\"color: #ffcc00;\">Hinweis <\/span><\/strong>oben.<\/div>\n<p><em>Mit freundlicher Unterst\u00fctzung der\u00a0<a href=\"https:\/\/i0.wp.com\/agfluechtlingshilfe.org\/wp-content\/uploads\/2016\/12\/spk-logo-mobile-1.png\"><img loading=\"lazy\" decoding=\"async\" data-attachment-id=\"479\" data-permalink=\"https:\/\/agfluechtlingshilfe.org\/?attachment_id=479\" data-orig-file=\"https:\/\/i0.wp.com\/agfluechtlingshilfe.org\/wp-content\/uploads\/2016\/12\/spk-logo-mobile-1.png?fit=300%2C121&amp;ssl=1\" data-orig-size=\"300,121\" data-comments-opened=\"1\" data-image-meta=\"{&quot;aperture&quot;:&quot;0&quot;,&quot;credit&quot;:&quot;&quot;,&quot;camera&quot;:&quot;&quot;,&quot;caption&quot;:&quot;&quot;,&quot;created_timestamp&quot;:&quot;0&quot;,&quot;copyright&quot;:&quot;&quot;,&quot;focal_length&quot;:&quot;0&quot;,&quot;iso&quot;:&quot;0&quot;,&quot;shutter_speed&quot;:&quot;0&quot;,&quot;title&quot;:&quot;&quot;,&quot;orientation&quot;:&quot;0&quot;}\" data-image-title=\"spk-logo-mobile\" data-image-description=\"\" data-image-caption=\"\" data-medium-file=\"https:\/\/i0.wp.com\/agfluechtlingshilfe.org\/wp-content\/uploads\/2016\/12\/spk-logo-mobile-1.png?fit=300%2C121&amp;ssl=1\" data-large-file=\"https:\/\/i0.wp.com\/agfluechtlingshilfe.org\/wp-content\/uploads\/2016\/12\/spk-logo-mobile-1.png?fit=300%2C121&amp;ssl=1\" class=\"alignnone wp-image-479\" src=\"https:\/\/i0.wp.com\/agfluechtlingshilfe.org\/wp-content\/uploads\/2016\/12\/spk-logo-mobile-1.png?resize=119%2C48\" alt=\"\" width=\"119\" height=\"48\" data-recalc-dims=\"1\" \/><\/a><\/em><\/p>\n","protected":false},"excerpt":{"rendered":"<p>&gt;&gt; aufgrund der Pandemie-Bedingungen konnte es noch nicht wieder zu einem Neustart des Sprachkurses kommen &#8211; sobald es hierzu Neuigkeiten gibt,\u00a0 informieren wir dar\u00fcber an dieser Stelle \ud83d\ude42 Unser Sprachkurs, den wir drei Jahre lang in der Gemeinschaftsunterkunft auf dem D\u00e4nholm durchgef\u00fchrt haben, hatte sich im Sommer 2018 den ver\u00e4nderten Bedarfen und der zunehmend dezentralen &hellip; <a href=\"https:\/\/agfluechtlingshilfe.org\/?page_id=68\" class=\"more-link\"><span class=\"screen-reader-text\">Sprachtraining mit Kinderbetreuung<\/span> weiterlesen<\/a><\/p>\n","protected":false},"author":1,"featured_media":0,"parent":20,"menu_order":3,"comment_status":"closed","ping_status":"closed","template":"","meta":{"footnotes":""},"class_list":["post-68","page","type-page","status-publish","hentry"],"jetpack_sharing_enabled":true,"jetpack_shortlink":"https:\/\/wp.me\/P8ejgX-16","jetpack-related-posts":[{"id":20,"url":"https:\/\/agfluechtlingshilfe.org\/?page_id=20","url_meta":{"origin":68,"position":0},"title":"Unsere Projekte","author":"agfluechtlingshilfehst","date":"20. Dezember 2016","format":false,"excerpt":"Unsere Projekte sind grunds\u00e4tzlich darauf angelegt, langfristig und zuverl\u00e4ssig zu laufen. Sie sind offen f\u00fcr Jedermann und Jederfrau die sich engagieren wollen. Aus organisatorischen Gr\u00fcnden und um Entt\u00e4uschung zu vermeiden ist es sinnvoll, sich beim ersten Mal vorab mit uns \u00fcber EMail in Verbindung zu setzen. Hier findet Ihr weitere\u2026","rel":"","context":"\u00c4hnlicher Beitrag","block_context":{"text":"\u00c4hnlicher Beitrag","link":""},"img":{"alt_text":"","src":"https:\/\/i0.wp.com\/agfluechtlingshilfe.org\/wp-content\/uploads\/2016\/12\/knotenreling-e1483643075229.jpg?resize=350%2C200","width":350,"height":200,"srcset":"https:\/\/i0.wp.com\/agfluechtlingshilfe.org\/wp-content\/uploads\/2016\/12\/knotenreling-e1483643075229.jpg?resize=350%2C200 1x, https:\/\/i0.wp.com\/agfluechtlingshilfe.org\/wp-content\/uploads\/2016\/12\/knotenreling-e1483643075229.jpg?resize=525%2C300 1.5x"},"classes":[]},{"id":610,"url":"https:\/\/agfluechtlingshilfe.org\/?page_id=610","url_meta":{"origin":68,"position":1},"title":"Kinderbetreuung in der Gemeinschaftsunterkunft auf dem D\u00e4nholm","author":"agfluechtlingshilfehst","date":"3. M\u00e4rz 2018","format":false,"excerpt":"Sport, Spiele und Spa\u00df! Das und viele Gruppenspiele, unter anderem Fu\u00dfball wollen wir m\u00f6glichst jeden Donnerstag auf dem D\u00e4nholm f\u00fcr alle Kinder der beiden Gemeinschaftsunterk\u00fcnfte anbieten. Witterungsbedingt passen wir unser Angebot den Gegebenheiten an. Interessierte Helfer sind aber immer sehr willkommen und k\u00f6nnen sich gerne unter info@agfluechtlingshilfe.org bei uns melden.","rel":"","context":"\u00c4hnlicher Beitrag","block_context":{"text":"\u00c4hnlicher Beitrag","link":""},"img":{"alt_text":"","src":"https:\/\/i0.wp.com\/agfluechtlingshilfe.org\/wp-content\/uploads\/2018\/03\/23668900_1954843744834905_8662036537170567425_o.jpeg?fit=642%2C661&ssl=1&resize=350%2C200","width":350,"height":200,"srcset":"https:\/\/i0.wp.com\/agfluechtlingshilfe.org\/wp-content\/uploads\/2018\/03\/23668900_1954843744834905_8662036537170567425_o.jpeg?fit=642%2C661&ssl=1&resize=350%2C200 1x, https:\/\/i0.wp.com\/agfluechtlingshilfe.org\/wp-content\/uploads\/2018\/03\/23668900_1954843744834905_8662036537170567425_o.jpeg?fit=642%2C661&ssl=1&resize=525%2C300 1.5x"},"classes":[]},{"id":845,"url":"https:\/\/agfluechtlingshilfe.org\/?page_id=845","url_meta":{"origin":68,"position":2},"title":"Bisherige Projekte:","author":"agfluechtlingshilfehst","date":"8. Oktober 2020","format":false,"excerpt":"Diese Projekte sind bis auf Weiteres abgeschlossen bzw. pausieren: Das Sprachtraining mit KinderbetreuungWas tun?! Beratung - Unterst\u00fctzung - KontaktvermittlungTopfreisen","rel":"","context":"\u00c4hnlicher Beitrag","block_context":{"text":"\u00c4hnlicher Beitrag","link":""},"img":{"alt_text":"","src":"","width":0,"height":0},"classes":[]},{"id":130,"url":"https:\/\/agfluechtlingshilfe.org\/?page_id=130","url_meta":{"origin":68,"position":3},"title":"Haftungsausschluss (Disclaimer)","author":"agfluechtlingshilfehst","date":"22. Dezember 2016","format":false,"excerpt":"Haftung f\u00fcr Inhalte Als Diensteanbieter sind wir gem\u00e4\u00df \u00a7 7 Abs.1 TMG f\u00fcr eigene Inhalte auf diesen Seiten nach den allgemeinen Gesetzen verantwortlich. Nach \u00a7\u00a7 8 bis 10 TMG sind wir als Diensteanbieter jedoch nicht verpflichtet, \u00fcbermittelte oder gespeicherte fremde Informationen zu \u00fcberwachen oder nach Umst\u00e4nden zu forschen, die auf\u2026","rel":"","context":"\u00c4hnlicher Beitrag","block_context":{"text":"\u00c4hnlicher Beitrag","link":""},"img":{"alt_text":"","src":"","width":0,"height":0},"classes":[]},{"id":1210,"url":"https:\/\/agfluechtlingshilfe.org\/?page_id=1210","url_meta":{"origin":68,"position":4},"title":"Gastgeberlotsen","author":"agfluechtlingshilfehst","date":"18. April 2022","format":false,"excerpt":"Wir verstehen uns als Schnittstelle zwischen den Menschen, die privat Gefl\u00fcchtete aufgenommen haben und eben die Menschen, die nach ihrer Flucht aufgenommen wurden. Neben den Anforderungen des eigenen Alltags stellt die Begleitung Gefl\u00fcchteter eine Herausforderung dar, die m\u00f6glicherweise nicht abzusehen ist und nicht damit endet, einem Fremden Wohnraum zu \u00fcberlassen.\u2026","rel":"","context":"\u00c4hnlicher Beitrag","block_context":{"text":"\u00c4hnlicher Beitrag","link":""},"img":{"alt_text":"","src":"","width":0,"height":0},"classes":[]},{"id":880,"url":"https:\/\/agfluechtlingshilfe.org\/?page_id=880","url_meta":{"origin":68,"position":5},"title":"Topfreisen &#8211; Rezepte aus aller Welt zur IKW 2021","author":"agfluechtlingshilfehst","date":"11. September 2021","format":false,"excerpt":"\"Topfreisen\" ist unser Projekt zur Teilnahme an der Interkulturellen Woche Stralsunds 2021 (IKW). Die Wortsch\u00f6pfung trifft ziemlich genau, was unser Plan war, als wir unseren Beitrag f\u00fcr die IKW entwickelt haben. Die Idee: Esskultur ist neben Musik vielleicht der direkteste oder zumindest einfachste Weg, um \u00fcber den eigenen (buchst\u00e4blichen) Tellerrand\u2026","rel":"","context":"\u00c4hnlicher Beitrag","block_context":{"text":"\u00c4hnlicher Beitrag","link":""},"img":{"alt_text":"","src":"https:\/\/i0.wp.com\/agfluechtlingshilfe.org\/wp-content\/uploads\/2021\/09\/Kollage_Topfreisen.png?resize=350%2C200&ssl=1","width":350,"height":200,"srcset":"https:\/\/i0.wp.com\/agfluechtlingshilfe.org\/wp-content\/uploads\/2021\/09\/Kollage_Topfreisen.png?resize=350%2C200&ssl=1 1x, https:\/\/i0.wp.com\/agfluechtlingshilfe.org\/wp-content\/uploads\/2021\/09\/Kollage_Topfreisen.png?resize=525%2C300&ssl=1 1.5x"},"classes":[]}],"jetpack_likes_enabled":true,"_links":{"self":[{"href":"https:\/\/agfluechtlingshilfe.org\/index.php?rest_route=\/wp\/v2\/pages\/68","targetHints":{"allow":["GET"]}}],"collection":[{"href":"https:\/\/agfluechtlingshilfe.org\/index.php?rest_route=\/wp\/v2\/pages"}],"about":[{"href":"https:\/\/agfluechtlingshilfe.org\/index.php?rest_route=\/wp\/v2\/types\/page"}],"author":[{"embeddable":true,"href":"https:\/\/agfluechtlingshilfe.org\/index.php?rest_route=\/wp\/v2\/users\/1"}],"replies":[{"embeddable":true,"href":"https:\/\/agfluechtlingshilfe.org\/index.php?rest_route=%2Fwp%2Fv2%2Fcomments&post=68"}],"version-history":[{"count":20,"href":"https:\/\/agfluechtlingshilfe.org\/index.php?rest_route=\/wp\/v2\/pages\/68\/revisions"}],"predecessor-version":[{"id":830,"href":"https:\/\/agfluechtlingshilfe.org\/index.php?rest_route=\/wp\/v2\/pages\/68\/revisions\/830"}],"up":[{"embeddable":true,"href":"https:\/\/agfluechtlingshilfe.org\/index.php?rest_route=\/wp\/v2\/pages\/20"}],"wp:attachment":[{"href":"https:\/\/agfluechtlingshilfe.org\/index.php?rest_route=%2Fwp%2Fv2%2Fmedia&parent=68"}],"curies":[{"name":"wp","href":"https:\/\/api.w.org\/{rel}","templated":true}]}}