{"id":27,"date":"2016-12-20T20:24:33","date_gmt":"2016-12-20T19:24:33","guid":{"rendered":"http:\/\/agfluechtlingshilfe.org\/?page_id=27"},"modified":"2022-09-07T20:52:28","modified_gmt":"2022-09-07T18:52:28","slug":"mitmachen","status":"publish","type":"page","link":"https:\/\/agfluechtlingshilfe.org\/?page_id=27","title":{"rendered":"Mitmachen"},"content":{"rendered":"<p>Wir, die AG Fluechtlichgshilfe Stralsund e.V., sind ein offener Verein. Das bedeutet, dass jeder bei uns aktiv werden kann und eine Mitgliedschaft daf\u00fcr nicht zwingend erforderlich ist.<\/p>\n<p>Es gibt im Wesentlichen drei Wege bei uns aktiv zu werden:<\/p>\n<ol>\n<li>Ihr meldet Euch bei uns \u00fcber <a href=\"info@agfluechtlingshilfe.org\" target=\"_blank\" rel=\"noopener\">E-Mail<\/a> oder <a href=\"https:\/\/www.facebook.com\/agfluechtlingshilfe\/\" target=\"_blank\" rel=\"noopener\">Facebook<\/a> und steigt nach Absprache direkt in einem unserer <a href=\"http:\/\/agfluechtlingshilfe.org\/?page_id=20\">Projekte<\/a> ein.<\/li>\n<li>Ihr werdet Mitglied. Dabei entscheidet Ihr, ob Ihr aktives oder reines\u00a0 F\u00f6rdermitglied sein wollt. Den Mitgliedsantrag gibt es gleich hier\u00a0\u00a0 \u21d2<a href=\"http:\/\/agfluechtlingshilfe.org\/wp-content\/uploads\/2022\/09\/Mitgliedsantrag_Maerz_2022.pdf\" target=\"_blank\" rel=\"attachment noopener wp-att-161\">Mitgliedsantrag<\/a><\/li>\n<li>Ihr werdet Unterst\u00fctzer indem Ihr uns Sach- oder Geldspenden zukommen lasst. Mehr Informationen hierzu findet Ihr <a href=\"http:\/\/agfluechtlingshilfe.org\/?page_id=173\">hier<\/a>.<\/li>\n<\/ol>\n<p><!--weiterlesen--><\/p>\n","protected":false},"excerpt":{"rendered":"<p>Wir, die AG Fluechtlichgshilfe Stralsund e.V., sind ein offener Verein. Das bedeutet, dass jeder bei uns aktiv werden kann und eine Mitgliedschaft daf\u00fcr nicht zwingend erforderlich ist. Es gibt im Wesentlichen drei Wege bei uns aktiv zu werden: Ihr meldet Euch bei uns \u00fcber E-Mail oder Facebook und steigt nach Absprache direkt in einem unserer &hellip; <a href=\"https:\/\/agfluechtlingshilfe.org\/?page_id=27\" class=\"more-link\"><span class=\"screen-reader-text\">Mitmachen<\/span> weiterlesen<\/a><\/p>\n","protected":false},"author":1,"featured_media":4,"parent":0,"menu_order":0,"comment_status":"closed","ping_status":"closed","template":"","meta":{"footnotes":""},"class_list":["post-27","page","type-page","status-publish","has-post-thumbnail","hentry"],"jetpack_sharing_enabled":true,"jetpack_shortlink":"https:\/\/wp.me\/P8ejgX-r","jetpack-related-posts":[{"id":54,"url":"https:\/\/agfluechtlingshilfe.org\/?page_id=54","url_meta":{"origin":27,"position":0},"title":"\u00dcber uns","author":"agfluechtlingshilfehst","date":"20. Dezember 2016","format":false,"excerpt":"Aus einer Initiative des Vereins \"Rock gegen Rechts Stralsund\" im Februar 2015, entwickelten sich die ersten Projekte einer Gruppe, die sich den pragmatischen Namen AG Fl\u00fcchtlingshilfe gab. Mit der Gr\u00fcndung des Vereins am 24.10.2016 wurde der Grundstein gelegt f\u00fcr eine enge Zusammenarbeit mit sozial- und kommunalpolitischen Netzwerken, um \u00fcber 100\u2026","rel":"","context":"\u00c4hnlicher Beitrag","block_context":{"text":"\u00c4hnlicher Beitrag","link":""},"img":{"alt_text":"","src":"https:\/\/i0.wp.com\/agfluechtlingshilfe.org\/wp-content\/uploads\/2016\/12\/cropped-agfluechtlingshilfeLOGO.jpg?fit=248%2C248&ssl=1&resize=350%2C200","width":350,"height":200},"classes":[]},{"id":180,"url":"https:\/\/agfluechtlingshilfe.org\/?page_id=180","url_meta":{"origin":27,"position":1},"title":"Herzlich Willkommen&#8230;","author":"agfluechtlingshilfehst","date":"23. Dezember 2016","format":false,"excerpt":"...auf der Internetseite des gemeinn\u00fctzigen Vereins Arbeitsgemeinschaft Fl\u00fcchtlingshilfe Stralsund e.V. Wir sind ein kleiner und sehr junger Verein, der 100%\u00a0 ehrenamtlich funktioniert. Wir sind also keine Profis und diese Seite ist ein wachsendes Wesen, welches wir so gut es uns gelingt pflegen und aktualisieren! Wenn Ihr mehr \u00fcber uns erfahren\u2026","rel":"","context":"\u00c4hnlicher Beitrag","block_context":{"text":"\u00c4hnlicher Beitrag","link":""},"img":{"alt_text":"","src":"","width":0,"height":0},"classes":[]},{"id":113,"url":"https:\/\/agfluechtlingshilfe.org\/?page_id=113","url_meta":{"origin":27,"position":2},"title":"Sporttreff","author":"agfluechtlingshilfehst","date":"22. Dezember 2016","format":false,"excerpt":"Wem das Begegnungscaf\u00e9 zu wenig sportlich ist, f\u00fcr den bieten wir jeden Freitag ab 18.30 Uhr mit unserem \"Sporttreff\" eine entsprechende Alternative an. Alle die sich bei Sport oder Spiel kennenlernen und bewegen wollen sind herzlich willkommen. Sport ist mit Abstand die einfachste und unterhaltsamste Art, mit Menschen in Kontakt\u2026","rel":"","context":"\u00c4hnlicher Beitrag","block_context":{"text":"\u00c4hnlicher Beitrag","link":""},"img":{"alt_text":"","src":"https:\/\/i0.wp.com\/agfluechtlingshilfe.org\/wp-content\/uploads\/2016\/12\/Sport2.jpg?resize=350%2C200","width":350,"height":200,"srcset":"https:\/\/i0.wp.com\/agfluechtlingshilfe.org\/wp-content\/uploads\/2016\/12\/Sport2.jpg?resize=350%2C200 1x, https:\/\/i0.wp.com\/agfluechtlingshilfe.org\/wp-content\/uploads\/2016\/12\/Sport2.jpg?resize=525%2C300 1.5x"},"classes":[]},{"id":133,"url":"https:\/\/agfluechtlingshilfe.org\/?page_id=133","url_meta":{"origin":27,"position":3},"title":"Datenschutzerkl\u00e4rung gem\u00e4\u00df DSGVO 2018 (Stand 25.5.18)","author":"agfluechtlingshilfehst","date":"22. Dezember 2016","format":false,"excerpt":"1. Datenschutz auf einen Blick Allgemeine Hinweise Die folgenden Hinweise geben einen einfachen \u00dcberblick dar\u00fcber, was mit Ihren personenbezogenen Daten passiert, wenn Sie unsere Website besuchen. Personenbezogene Daten sind alle Daten, mit denen Sie pers\u00f6nlich identifiziert werden k\u00f6nnen. Ausf\u00fchrliche Informationen zum Thema Datenschutz entnehmen Sie unserer unter diesem Text aufgef\u00fchrten\u2026","rel":"","context":"\u00c4hnlicher Beitrag","block_context":{"text":"\u00c4hnlicher Beitrag","link":""},"img":{"alt_text":"","src":"","width":0,"height":0},"classes":[]},{"id":66,"url":"https:\/\/agfluechtlingshilfe.org\/?page_id=66","url_meta":{"origin":27,"position":4},"title":"Fahrradwerkstatt","author":"agfluechtlingshilfehst","date":"20. Dezember 2016","format":false,"excerpt":"Um unseren neuen Mitb\u00fcrgerInnen die dringend erforderliche Mobilit\u00e4t zu erm\u00f6glichen, die sie brauchen um die vielen Aufgaben und \u00c4mterg\u00e4nge des Alltags zu bew\u00e4ltigen, betreiben wir mit einfachsten Mitteln jeden Donnerstag zwischen 14 und 17 Uhr im Malteser-Heim Ummanzer Stra\u00dfe 2 auf dem D\u00e4nholm eine kleine Fahrradwerkstatt. Hier sind alle neuen\u2026","rel":"","context":"\u00c4hnlicher Beitrag","block_context":{"text":"\u00c4hnlicher Beitrag","link":""},"img":{"alt_text":"","src":"https:\/\/i0.wp.com\/agfluechtlingshilfe.org\/wp-content\/uploads\/2016\/12\/IMG_9788Red.jpg?resize=350%2C200","width":350,"height":200},"classes":[]},{"id":108,"url":"https:\/\/agfluechtlingshilfe.org\/?page_id=108","url_meta":{"origin":27,"position":5},"title":"Kontakt","author":"agfluechtlingshilfehst","date":"21. Dezember 2016","format":false,"excerpt":"Ihr k\u00f6nnt \u00fcber verschiedene Wege mit uns Kontakt aufnehmen: Email: info@agfluechtlingshilfe.org Facebook: @agfluechtlingshilfe oder \u00fcber das untenstehende Kontaktformular (Hinweise zum Datenschutz).","rel":"","context":"\u00c4hnlicher Beitrag","block_context":{"text":"\u00c4hnlicher Beitrag","link":""},"img":{"alt_text":"","src":"","width":0,"height":0},"classes":[]}],"jetpack_likes_enabled":true,"_links":{"self":[{"href":"https:\/\/agfluechtlingshilfe.org\/index.php?rest_route=\/wp\/v2\/pages\/27","targetHints":{"allow":["GET"]}}],"collection":[{"href":"https:\/\/agfluechtlingshilfe.org\/index.php?rest_route=\/wp\/v2\/pages"}],"about":[{"href":"https:\/\/agfluechtlingshilfe.org\/index.php?rest_route=\/wp\/v2\/types\/page"}],"author":[{"embeddable":true,"href":"https:\/\/agfluechtlingshilfe.org\/index.php?rest_route=\/wp\/v2\/users\/1"}],"replies":[{"embeddable":true,"href":"https:\/\/agfluechtlingshilfe.org\/index.php?rest_route=%2Fwp%2Fv2%2Fcomments&post=27"}],"version-history":[{"count":17,"href":"https:\/\/agfluechtlingshilfe.org\/index.php?rest_route=\/wp\/v2\/pages\/27\/revisions"}],"predecessor-version":[{"id":1316,"href":"https:\/\/agfluechtlingshilfe.org\/index.php?rest_route=\/wp\/v2\/pages\/27\/revisions\/1316"}],"wp:featuredmedia":[{"embeddable":true,"href":"https:\/\/agfluechtlingshilfe.org\/index.php?rest_route=\/wp\/v2\/media\/4"}],"wp:attachment":[{"href":"https:\/\/agfluechtlingshilfe.org\/index.php?rest_route=%2Fwp%2Fv2%2Fmedia&parent=27"}],"curies":[{"name":"wp","href":"https:\/\/api.w.org\/{rel}","templated":true}]}}