{"id":126,"date":"2016-12-22T14:21:24","date_gmt":"2016-12-22T13:21:24","guid":{"rendered":"http:\/\/agfluechtlingshilfe.org\/?page_id=126"},"modified":"2021-10-21T08:21:49","modified_gmt":"2021-10-21T06:21:49","slug":"impressum","status":"publish","type":"page","link":"https:\/\/agfluechtlingshilfe.org\/?page_id=126","title":{"rendered":"Impressum"},"content":{"rendered":"<h1>Impressum<\/h1>\n<h2>Angaben gem\u00e4\u00df \u00a7 5 TMG:<\/h2>\n<p>Arbeitsgemeinschaft Fl\u00fcchtlingshilfe Stralsund e. V.<br \/>\nAlte Dorfstr. 9<br \/>\n18445 Kramerhof<\/p>\n<h2>Vertreten durch:<\/h2>\n<p><strong>Den Vorstand<\/strong><br \/>\n1. Vorsitzende: A. Brym, Alte Dorfstr. 9<br \/>\n18445 Kramerhof<\/p>\n<p><strong>Verantwortliche i.S.d. \u00a7 55 Abs. 2 RStV<\/strong>: N. Iske, Alte Dorfstr. 9<br \/>\n18445 Kramerhof<\/p>\n<h2>Kontakt:<\/h2>\n<table>\n<tbody>\n<tr>\n<td>Telefon:<\/td>\n<td>\u00a0&#8212;<\/td>\n<\/tr>\n<tr>\n<td>E-Mail:<\/td>\n<td><a href=\"mailto:info@agfluechtlingshilfe.org\">info@agfluechtlingshilfe.org<\/a><\/td>\n<\/tr>\n<\/tbody>\n<\/table>\n<h2>Registereintrag:<\/h2>\n<p>Eintragung im Vereinsregister.<br \/>\nRegistergericht: Amtsgericht Stralsund<br \/>\nRegisternummer: VR 10128<\/p>\n<p><strong>Das Impressum gilt f\u00fcr:<\/strong>\u00a0https:\/\/agfluechtlingshilfe.org<strong><br \/>\n<\/strong><\/p>\n","protected":false},"excerpt":{"rendered":"<p>Impressum Angaben gem\u00e4\u00df \u00a7 5 TMG: Arbeitsgemeinschaft Fl\u00fcchtlingshilfe Stralsund e. V. Alte Dorfstr. 9 18445 Kramerhof Vertreten durch: Den Vorstand 1. Vorsitzende: A. Brym, Alte Dorfstr. 9 18445 Kramerhof Verantwortliche i.S.d. \u00a7 55 Abs. 2 RStV: N. Iske, Alte Dorfstr. 9 18445 Kramerhof Kontakt: Telefon: \u00a0&#8212; E-Mail: info@agfluechtlingshilfe.org Registereintrag: Eintragung im Vereinsregister. Registergericht: Amtsgericht Stralsund &hellip; <a href=\"https:\/\/agfluechtlingshilfe.org\/?page_id=126\" class=\"more-link\"><span class=\"screen-reader-text\">Impressum<\/span> weiterlesen<\/a><\/p>\n","protected":false},"author":1,"featured_media":0,"parent":0,"menu_order":0,"comment_status":"closed","ping_status":"closed","template":"","meta":{"footnotes":""},"class_list":["post-126","page","type-page","status-publish","hentry"],"jetpack_sharing_enabled":true,"jetpack_shortlink":"https:\/\/wp.me\/P8ejgX-22","jetpack-related-posts":[{"id":180,"url":"https:\/\/agfluechtlingshilfe.org\/?page_id=180","url_meta":{"origin":126,"position":0},"title":"Herzlich Willkommen&#8230;","author":"agfluechtlingshilfehst","date":"23. Dezember 2016","format":false,"excerpt":"...auf der Internetseite des gemeinn\u00fctzigen Vereins Arbeitsgemeinschaft Fl\u00fcchtlingshilfe Stralsund e.V. Wir sind ein kleiner und sehr junger Verein, der 100%\u00a0 ehrenamtlich funktioniert. Wir sind also keine Profis und diese Seite ist ein wachsendes Wesen, welches wir so gut es uns gelingt pflegen und aktualisieren! Wenn Ihr mehr \u00fcber uns erfahren\u2026","rel":"","context":"\u00c4hnlicher Beitrag","block_context":{"text":"\u00c4hnlicher Beitrag","link":""},"img":{"alt_text":"","src":"","width":0,"height":0},"classes":[]},{"id":173,"url":"https:\/\/agfluechtlingshilfe.org\/?page_id=173","url_meta":{"origin":126,"position":1},"title":"Spenden","author":"agfluechtlingshilfehst","date":"23. Dezember 2016","format":false,"excerpt":"Wir freuen uns grunds\u00e4zlich immer \u00fcber Spenden. Da wir aber nicht \u00fcber\u00a0 Lagerkapazit\u00e4ten verf\u00fcgen, k\u00f6nnen wir Sachspenden ausschlie\u00dflich nach vorheriger Absprache annehmen! Wir bitten da um Euer Verst\u00e4ndnis. Finanzielle Unterst\u00fctzung braucht nicht viel Platz, darum k\u00f6nnen wir Geldspenden jederzeit annehmen. Entweder als direkte \u00dcberweisung mit Verwendungszweck \"Spende\" auf folgendes Konto:\u2026","rel":"","context":"\u00c4hnlicher Beitrag","block_context":{"text":"\u00c4hnlicher Beitrag","link":""},"img":{"alt_text":"","src":"https:\/\/i0.wp.com\/agfluechtlingshilfe.org\/wp-content\/uploads\/2016\/12\/IMG-20161220-WA0003-e1483642968683.jpg?resize=350%2C200","width":350,"height":200,"srcset":"https:\/\/i0.wp.com\/agfluechtlingshilfe.org\/wp-content\/uploads\/2016\/12\/IMG-20161220-WA0003-e1483642968683.jpg?resize=350%2C200 1x, https:\/\/i0.wp.com\/agfluechtlingshilfe.org\/wp-content\/uploads\/2016\/12\/IMG-20161220-WA0003-e1483642968683.jpg?resize=525%2C300 1.5x, https:\/\/i0.wp.com\/agfluechtlingshilfe.org\/wp-content\/uploads\/2016\/12\/IMG-20161220-WA0003-e1483642968683.jpg?resize=700%2C400 2x"},"classes":[]},{"id":27,"url":"https:\/\/agfluechtlingshilfe.org\/?page_id=27","url_meta":{"origin":126,"position":2},"title":"Mitmachen","author":"agfluechtlingshilfehst","date":"20. Dezember 2016","format":false,"excerpt":"Wir, die AG Fluechtlichgshilfe Stralsund e.V., sind ein offener Verein. Das bedeutet, dass jeder bei uns aktiv werden kann und eine Mitgliedschaft daf\u00fcr nicht zwingend erforderlich ist. Es gibt im Wesentlichen drei Wege bei uns aktiv zu werden: Ihr meldet Euch bei uns \u00fcber E-Mail oder Facebook und steigt nach\u2026","rel":"","context":"\u00c4hnlicher Beitrag","block_context":{"text":"\u00c4hnlicher Beitrag","link":""},"img":{"alt_text":"","src":"https:\/\/i0.wp.com\/agfluechtlingshilfe.org\/wp-content\/uploads\/2016\/11\/12031508_1500753230243961_6643011437425886673_o-e1482351463325.jpg?fit=408%2C275&ssl=1&resize=350%2C200","width":350,"height":200},"classes":[]},{"id":130,"url":"https:\/\/agfluechtlingshilfe.org\/?page_id=130","url_meta":{"origin":126,"position":3},"title":"Haftungsausschluss (Disclaimer)","author":"agfluechtlingshilfehst","date":"22. Dezember 2016","format":false,"excerpt":"Haftung f\u00fcr Inhalte Als Diensteanbieter sind wir gem\u00e4\u00df \u00a7 7 Abs.1 TMG f\u00fcr eigene Inhalte auf diesen Seiten nach den allgemeinen Gesetzen verantwortlich. Nach \u00a7\u00a7 8 bis 10 TMG sind wir als Diensteanbieter jedoch nicht verpflichtet, \u00fcbermittelte oder gespeicherte fremde Informationen zu \u00fcberwachen oder nach Umst\u00e4nden zu forschen, die auf\u2026","rel":"","context":"\u00c4hnlicher Beitrag","block_context":{"text":"\u00c4hnlicher Beitrag","link":""},"img":{"alt_text":"","src":"","width":0,"height":0},"classes":[]},{"id":54,"url":"https:\/\/agfluechtlingshilfe.org\/?page_id=54","url_meta":{"origin":126,"position":4},"title":"\u00dcber uns","author":"agfluechtlingshilfehst","date":"20. Dezember 2016","format":false,"excerpt":"Aus einer Initiative des Vereins \"Rock gegen Rechts Stralsund\" im Februar 2015, entwickelten sich die ersten Projekte einer Gruppe, die sich den pragmatischen Namen AG Fl\u00fcchtlingshilfe gab. Mit der Gr\u00fcndung des Vereins am 24.10.2016 wurde der Grundstein gelegt f\u00fcr eine enge Zusammenarbeit mit sozial- und kommunalpolitischen Netzwerken, um \u00fcber 100\u2026","rel":"","context":"\u00c4hnlicher Beitrag","block_context":{"text":"\u00c4hnlicher Beitrag","link":""},"img":{"alt_text":"","src":"https:\/\/i0.wp.com\/agfluechtlingshilfe.org\/wp-content\/uploads\/2016\/12\/cropped-agfluechtlingshilfeLOGO.jpg?fit=248%2C248&ssl=1&resize=350%2C200","width":350,"height":200},"classes":[]},{"id":108,"url":"https:\/\/agfluechtlingshilfe.org\/?page_id=108","url_meta":{"origin":126,"position":5},"title":"Kontakt","author":"agfluechtlingshilfehst","date":"21. Dezember 2016","format":false,"excerpt":"Ihr k\u00f6nnt \u00fcber verschiedene Wege mit uns Kontakt aufnehmen: Email: info@agfluechtlingshilfe.org Facebook: @agfluechtlingshilfe oder \u00fcber das untenstehende Kontaktformular (Hinweise zum Datenschutz).","rel":"","context":"\u00c4hnlicher Beitrag","block_context":{"text":"\u00c4hnlicher Beitrag","link":""},"img":{"alt_text":"","src":"","width":0,"height":0},"classes":[]}],"jetpack_likes_enabled":true,"_links":{"self":[{"href":"https:\/\/agfluechtlingshilfe.org\/index.php?rest_route=\/wp\/v2\/pages\/126","targetHints":{"allow":["GET"]}}],"collection":[{"href":"https:\/\/agfluechtlingshilfe.org\/index.php?rest_route=\/wp\/v2\/pages"}],"about":[{"href":"https:\/\/agfluechtlingshilfe.org\/index.php?rest_route=\/wp\/v2\/types\/page"}],"author":[{"embeddable":true,"href":"https:\/\/agfluechtlingshilfe.org\/index.php?rest_route=\/wp\/v2\/users\/1"}],"replies":[{"embeddable":true,"href":"https:\/\/agfluechtlingshilfe.org\/index.php?rest_route=%2Fwp%2Fv2%2Fcomments&post=126"}],"version-history":[{"count":7,"href":"https:\/\/agfluechtlingshilfe.org\/index.php?rest_route=\/wp\/v2\/pages\/126\/revisions"}],"predecessor-version":[{"id":1121,"href":"https:\/\/agfluechtlingshilfe.org\/index.php?rest_route=\/wp\/v2\/pages\/126\/revisions\/1121"}],"wp:attachment":[{"href":"https:\/\/agfluechtlingshilfe.org\/index.php?rest_route=%2Fwp%2Fv2%2Fmedia&parent=126"}],"curies":[{"name":"wp","href":"https:\/\/api.w.org\/{rel}","templated":true}]}}